s digit of c(7)?
0
Suppose -3*s + 8301 = -3*f, 0*s + f - 11043 = -4*s. What is the hundreds digit of s?
7
Let o be (6 - (-2 + 4)) + -3. What is the units digit of 43 + 0 + -1 + o?
3
Suppose -3*d + 5*u = -14, 2*u = d - 2*u + 7. Suppose 17*j - d*j - 288 = 0. Suppose 3*h + 18 - j = 0. What is the units digit of h?
8
Suppose -t = -77 - 18. What is the units digit of t?
5
Let z(g) = 1427*g - 1. What is the tens digit of z(1)?
2
Let y be 1463/21 + 1 + 4/(-6). What is the tens digit of y/(-4)*(14 + -16)?
3
What is the tens digit of (-220 - -221)/((-1)/(-424))?
2
Let p be (5/(-10) + -2)*-2. Suppose s = 4*g + 3*s - 456, 0 = p*g - 4*s - 557. What is the hundreds digit of g?
1
Let u = 34 + -22. Suppose -u*t + 4*t = 0. Suppose 5*f + f - 294 = t. What is the units digit of f?
9
Suppose -d = 3*z - z - 1, 0 = 4*d - 12. Let x be 2/(-7) - (-132)/(-77). What is the units digit of x + (-3*9)/z?
5
Let f(k) = k**3 - 2*k**2 + 8*k - 39. What is the units digit of f(6)?
3
Let m = 39 - 22. Suppose 4*a - 6*t - 12 = -4*t, 12 = a - 5*t. Suppose a*p - 3 - m = 0. What is the tens digit of p?
1
Let f = 911 + -467. What is the units digit of f?
4
Let w(r) = -r + 36. Let p be w(-6). Let o = 80 + p. What is the units digit of o?
2
Let u be 8/(-3) - (-28)/42. Let s be ((-102)/10)/(u/(-10)). Let z = -30 - s. What is the units digit of z?
1
Suppose -v + 8 - 4 = 0, 0 = 2*p + 4*v - 4674. What is the hundreds digit of p?
3
Suppose -15 = -5*r - 0. Suppose r*i = i. Let p(h) = -h**3 - h + 29. What is the tens digit of p(i)?
2
Suppose 2*q - 6 = 2. Suppose -1 = -q*k + 3. What is the units digit of k?
1
Suppose -2*w - 5*i + 80 + 411 = 0, i - 247 = -w. Suppose 29*p - 28*p = w. What is the tens digit of p?
4
Suppose 2*t + 5*y = 1119, 0 = 5*t + 4*y + y - 2820. What is the tens digit of t?
6
Let d(b) be the second derivative of -b**5/20 + 2*b**4/3 + 8*b**3/3 + 5*b**2 - 28*b. What is the tens digit of d(7)?
7
Suppose 10 = 4*u + 2. Suppose u*q = -3*p - 7, 5*p + 37 = 3*q - 0*q. What is the units digit of 4/(94/(-24) + q)?
8
Suppose -3*y = -5*v + 1466, y + 1170 = -0*v + 4*v. What is the hundreds digit of v?
2
Suppose 192*z = 203*z - 22935. What is the hundreds digit of z?
0
Suppose q = -12 - 4. Suppose 70 = 3*z + 4*x, -x + 2*x + 2 = 0. Let t = q + z. What is the tens digit of t?
1
Suppose 7*w - 23634 = 2175. What is the units digit of w?
7
Let d be 3482/10 - 2/10. Let f = d + -90. What is the hundreds digit of f?
2
Let z(x) be the first derivative of -x**4/4 + 5*x**3/3 + x**2/2 + 3*x + 2. Let y be z(5). Suppose 0 = -2*o - 2 + y. What is the units digit of o?
3
Let i(z) be the third derivative of z**5/60 - z**4/12 + z**3/3 - 12*z**2. What is the units digit of i(0)?
2
Let h be (11 + 1)*8/(-12). Let c be 51 + h - (-2 + 5). Suppose -l = -g + 6*g - c, 3*l - 72 = -3*g. What is the tens digit of l?
2
Let c = -223 + 396. What is the units digit of c?
3
Let i(k) = 4*k**2 - 10*k + 8. Suppose -2*d + 0 = 2*b - 4, 5*b + 32 = 2*d. What is the tens digit of i(d)?
9
Let i be 2 + -2 + -2 - -6. What is the tens digit of i - 11/(44/(-48))?
1
What is the units digit of (2184/(-52))/((-1)/9)?
8
Suppose -2*w - 2 + 8 = 0, 4*w - 12 = -2*p. Suppose 16 - 98 = -2*j. Suppose h - j + 18 = p. What is the tens digit of h?
2
Let o be 28/4 + 2 + -3. Suppose v + 4*d - 18 = 0, 0 = -2*d - o - 2. What is the tens digit of v?
3
Let b be 20/15 + ((-4)/(-3))/(-1). Suppose 0 = 8*w - 3*w + 4*f - 1319, b = w + 2*f - 265. What is the units digit of w?
3
Suppose -2*d + 15 - 7 = 0. Suppose -d*b + 16 = 0, 3*b = 5*k - 2*k. Suppose k = -f - 3*f, 4*z - 127 = -5*f. What is the units digit of z?
3
Suppose 4*v - 14 - 142 = 0. Suppose -3*a = 15, 8*n = 3*n + 3*a + 30. Suppose -3*d + v = -n. What is the units digit of d?
4
Let s be (-1)/(-2 - -1)*(-27 - -29). Suppose -s*f - 3 - 1 = 0, n = -4*f + 146. What is the tens digit of n?
5
Suppose 10 = 9*d + 28. Let p(a) = -95*a + 22. What is the hundreds digit of p(d)?
2
Suppose 42*d - 113962 = 37952. What is the tens digit of d?
1
Suppose 549 = 11*t - 1431. Let z = 266 - t. What is the tens digit of z?
8
Let o be 75/2 + (-21)/(-14). Suppose o*w - 42*w + 276 = 0. What is the tens digit of w?
9
Let r = 105 - 71. What is the units digit of r/10 - 48/120?
3
Let n be (-4)/(-6) + (-2255)/(-33). Suppose 2*u - n = -5*k, u + 7 = 2*u - 3*k. What is the units digit of u?
2
Let k(q) = 3*q**2 + 13*q + 8. Let r be k(-4). Suppose -276 = -4*o - 4*j, -r*o + 399 = 5*j + 118. What is the units digit of o?
4
Suppose -6*y = -8*y - 12. Let t be (0 + (-3 - y))*-26. Let p = -34 - t. What is the tens digit of p?
4
Let x = -9 - -12. Suppose -2*k = x - 23. Let q(j) = 3*j + 17. What is the units digit of q(k)?
7
Let y be (-4)/((-80)/(-36) - (-4)/(-18)). What is the tens digit of ((7 - 2) + 0)*(14 - y)?
8
What is the units digit of (-31)/(-155) + (-4)/(20/(-1179))?
6
What is the units digit of (-102331)/(-62) + 10/(-4)?
8
Let l = 558 - 330. Let k = -64 + l. What is the tens digit of k?
6
Suppose 13 = -2*c + 3. Let v = c + 10. Suppose -v*l + 13 = m, m + 3*m = 5*l + 52. What is the tens digit of m?
1
Let n be -39*(-4)/(-3)*7/4. Let i = 99 + n. What is the units digit of i?
8
Suppose -4*z = -32 + 12. Suppose -z = -4*j + 3. Suppose n - 28 = -h, 3*n - j*n = -3*h + 84. What is the units digit of h?
8
Suppose 3 = -2*f + 9. Suppose -h + 2*h + 2*p = 53, -f*h + 175 = -2*p. What is the units digit of h?
7
Let o(y) = y**3 - 10*y**2 + 16*y + 3. Let k be o(8). What is the tens digit of k + 1 + -18 + 37?
2
Suppose 2*n = -10, -3*m + 6*n = n - 49. Suppose -j - m = -35. What is the tens digit of j?
2
What is the units digit of 3/4 + -1 + 22785/20?
9
Suppose -20 = -2*j - 2*g + 14, 43 = 2*j + 5*g. Let m(i) = i + 4. Let q be m(0). What is the tens digit of ((-8)/q - -1) + j?
1
What is the thousands digit of 155/(-20) - 12/48 - -3303?
3
Let v(y) = 2*y**2 + 2*y - 1. Suppose 4*g - 1 = 3*g. Let h be v(g). Suppose -3*w = -h, -4*w + 96 = 3*s - w. What is the tens digit of s?
3
Let m(j) = -j**3 + 2*j**2 + j. Let d be m(3). Let w = -1 - d. Let c(i) = i**3 - 5*i**2 + 3*i + 6. What is the tens digit of c(w)?
2
Let i be ((-60)/45)/(1/(-3)). Suppose 0 = h + z - 55, 0*z = i*h + 5*z - 224. What is the tens digit of h?
5
What is the thousands digit of (-52)/(-286) - 37770/(-22)?
1
Suppose -14 - 18 = -2*r. Suppose 10*c = r*c - 1092. What is the units digit of c?
2
Suppose 3 + 25 = 7*q. Suppose 0 = q*m - 5*w - 299, -9*m + 10*m = -4*w + 101. What is the tens digit of m?
8
Let c(f) = -4*f**3 - f**2 + f + 1. Let q be c(-1). Suppose -q*x - 53 = -4*p, 4*x + 31 = -p + 4*p. What is the units digit of p?
7
Suppose -42*l = -62*l + 54300. What is the units digit of l?
5
Suppose 15*w = 14*w + 2*j + 339, -4*w + 1312 = 3*j. What is the tens digit of w?
3
Let h(u) = u**3 + 12*u**2 - 11*u**2 - 9*u**2 - 5 + 8*u. Let c be h(7). Suppose 7*o - 6*o = c. What is the units digit of o?
2
Let o = -3 + 19. Let u be 24/o*(3 - 1). Suppose u*n + 39 = 4*n. What is the tens digit of n?
3
Suppose -21 = -4*s - 3*s. Suppose -3*h + 5*v + 345 = 4*v, -s*h = 3*v - 357. What is the tens digit of h?
1
Let n(f) = -11*f**2 + 5*f - 9. Let l be n(3). What is the tens digit of -2 - (l + -5 + 0)?
9
Suppose b - p + 6 = 0, 7*b + 12 = 2*b - 4*p. Let c(q) = -q + 3. Let s(v) = -2*v + 3. Let k(r) = -3*c(r) + 2*s(r). What is the units digit of k(b)?
1
Let n(l) = 65*l**2 + 12*l + 8. What is the tens digit of n(5)?
9
Let b(z) = 34*z - 4 - 1 + 19*z. Let h be b(2). Let t = 161 - h. What is the tens digit of t?
6
Suppose 19*p - 343 = -5*f + 20*p, -2*f + 132 = -3*p. What is the units digit of f?
9
Suppose 5*z = 5*b - 225, -2*z + 2*b - 5*b - 100 = 0. Let f(u) = -27*u**2 + u. Let s be f(1). Let h = s - z. What is the units digit of h?
1
Suppose -1 = -3*m - 4*t, -7*t + 2*t + 15 = m. Let s(l) = l**3 + 6*l**2 - 3*l - 10. What is the units digit of s(m)?
0
Let f(l) = l**3 - 14*l**2 + 12*l + 27. Suppose -2*q = 3*a - 41, 4*a = -5*q + 76 - 19. What is the units digit of f(a)?
4
Let p(a) = a - 4. Let v be p(8). Suppose v*w + 22 = 3*r, 3*r + 4*w + 9 = -1. Suppose -r*y = -i - 8 + 2, -5*i - 5 = -5*y. What is the units digit of y?
5
Let s = -33 + 18. Let l be 3/15 - 957/s. Suppose 221 = 5*n - l. What is the tens digit of n?
5
Let w = -39 - -24. Let z be (-7)/(-3) + (-29)/87. What is the units digit of (-12)/w*5/z?
2
Suppose 3*j - 3*c = -4